(8/(-4) - 7). Suppose -g*b - 10 = -55. What is the remainder when c is divided by b?
7
Suppose 7*i - 8*i - 1 = 5*d, -4*i + 14 = 2*d. What is the remainder when d*2 + 1*(-2 - -307) is divided by 18?
15
Let t(j) = 33*j**2 + 33*j + 228. Let c be t(-13). Suppose -c = 14*k - 35*k. Calculate the remainder when k is divided by 20.
16
What is the remainder when (-21972)/(-13) + (-112)/728 is divided by 559?
13
Let o = 349 - 226. Suppose 5*n - 50 = 260. Calculate the remainder when o is divided by n.
61
Suppose 0 = -0*v + v - 29. Suppose 5*d = 10, 0 = -5*h + 57*d - 52*d - 35. Let j = 106 - h. Calculate the remainder when j is divided by v.
24
Let h = -47 + 51. Suppose 0 = -2*l + h*c + 186, -4*l - 2*c + 3*c + 344 = 0. Suppose 0 = -5*f + l + 45. Calculate the remainder when 50 is divided by f.
24
Suppose -3*m = 6*m - 36. Suppose m*c - 2*c = 320. Suppose -4*z + c = -5*y, -y = -z - 0*y + 39. Calculate the remainder when z is divided by 12.
11
Let x(i) = -i**2 + 9*i + 32. Let z be x(-3). Calculate the remainder when 4/(11/((-1298)/z)) is divided by 15.
13
Let z(l) = -l**3 - 4*l**2 - 16*l - 73. What is the remainder when z(-9) is divided by 26?
8
Suppose -9 = -3*u, -3*o + 6*u + 246 = 10*u. Let s = -41 + o. What is the remainder when 86 is divided by s?
12
Let g(b) = 177*b - 8843. Calculate the remainder when 83 is divided by g(50).
6
Suppose 0*r - 26 = -2*r. Let c(z) = z**3 - 61*z**2 - 1036*z - 921. Calculate the remainder when c(75) is divided by r.
12
Suppose 2*t + 6*f - 2*f + 14 = 0, 2*f + 22 = 4*t. Suppose t*o - 2*x = x + 48, 8 = 2*o + 4*x. What is the remainder when ((-138)/2)/((-3)/2) is divided by o?
10
Let y = 59 + -24. Suppose -10*k - 4*k + 1317 + 4045 = 0. Calculate the remainder when k is divided by y.
33
Let c = 78 + -55. Let k = c + -14. What is the remainder when 12 + (-75)/(-25) + 18 is divided by k?
6
Suppose 6*c - 125 - 193 = 0. Let t = -50 + c. Suppose s - 26 = a + 16, -t*s - 3*a + 150 = 0. Calculate the remainder when s is divided by 14.
4
Suppose -34*h - 33 = -31*h. Let d(z) = -z**3 - 12*z**2 - 14*z + 1. What is the remainder when 62 is divided by d(h)?
28
Suppose 535 = x - 4*t, -2*x = 33*t - 39*t - 1076. Calculate the remainder when x is divided by 265.
17
Suppose -135*s + 28587 = -11346 + 2808. Calculate the remainder when s is divided by 73.
56
Let u(k) = 10*k - 9. Let y be u(2). Suppose 16*w = y*w + 595. What is the remainder when w*1 + 0/(-9 - -4) is divided by 20?
19
What is the remainder when (7832/6)/(452/339) is divided by 109?
107
Let k be (0 + 2 - 3)/((-23)/23). What is the remainder when 130 is divided by 12 - k/3*-9?
10
Suppose -538 - 678 = -4*w + 3*v, v + 907 = 3*w. Calculate the remainder when w is divided by 9.
4
Suppose 25*b - 65*b + 3407 = -4953. Calculate the remainder when 233 is divided by b.
24
Let t be 423/63 + -7 + (-66)/14. Let b(k) = -k**2 - 22*k + 7. Calculate the remainder when b(t) is divided by 32.
28
Let q(b) be the second derivative of -b**5/20 + 11*b**4/6 - 10*b**3/3 + 7*b**2 + 6*b + 3. What is the remainder when 134 is divided by q(21)?
29
Suppose 876 = -30*q + 103*q. Let n = -3 - -6. Calculate the remainder when q is divided by n.
0
Suppose -3*y + 12 + 21 = 0. Let f(w) = -w**2 + 21*w + 9. Let u be f(y). Suppose -7*t = -u + 21. What is the remainder when 69 is divided by t?
13
Let s = -81 + 45. Let v be -1 + (49 - -2) + -1. Let q = s + v. What is the remainder when 24 is divided by q?
11
Suppose 600338 = 291*s - 715855. What is the remainder when s is divided by 62?
59
Calculate the remainder when (-2 + -5 - -194)*89 is divided by 38.
37
Let t = -1481 + 1489. What is the remainder when 494 is divided by t?
6
Suppose -2*v + 43 = -0*q - 3*q, 4*v + q = 79. Suppose -5*k - t = -303 - 128, -v = 5*t. What is the remainder when k is divided by (2 - 4)/(3/(-33))?
21
Suppose -n + 3 = 2, -808 = 3*d - 4*n. Let z = -191 - d. Calculate the remainder when z is divided by 6.
5
Let u = 4969 - 4247. Calculate the remainder when 751 is divided by u.
29
Let b(v) = -v**3 - 30*v**2 - 2*v - 58. Let a be b(-30). Suppose -2*n - a*f + 190 = -252, -n = 4*f - 209. What is the remainder when n is divided by 12?
9
Let k(q) = q**3 + 47*q**2 - 215*q - 505. What is the remainder when 647 is divided by k(-51)?
31
Suppose 190*t - 357 = 721 + 252. What is the remainder when t is divided by 4/3*(-6)/(-2)?
3
Let b(d) be the second derivative of -7/3*d**3 + 1/6*d**4 + 0 + 19*d + 29/2*d**2. What is the remainder when b(9) is divided by 17?
14
What is the remainder when (-33)/(2/(-2)*44/1012) is divided by 38?
37
Let s(j) = j**2 + j - 7. Suppose 4688*g - 4694*g = -114. What is the remainder when s(7) is divided by g?
11
Let m(d) = -d**2 + 15*d + 31. Suppose -2*s = 2*o - 334, -5*s - 155 + 990 = 3*o. Calculate the remainder when s is divided by m(13).
53
Let c be -5 - -80 - (-2 + -3). Calculate the remainder when (-10)/8 + 5300/c is divided by 15.
5
Suppose -4*m + 7*t = -0*m + 42, -22 = m + 4*t. What is the remainder when 254 is divided by (-112)/(-24)*(-156)/m?
46
Suppose 0 = -52*q - 54*q + 123*q - 35173. Calculate the remainder when q is divided by 46.
45
Let h be (11 - 2)*2/(-6). Let a(q) = -25*q - 1. Calculate the remainder when a(h) is divided by 19.
17
Suppose 4*u - 88 = 2*u. Let v = -41 + u. Calculate the remainder when 59 is divided by 4/v*45/4.
14
Let u = 32 + -12. Suppose 0 = 4*l + 5*z - 43, -46*l + 47*l - 2*z = 14. What is the remainder when u is divided by l/1 + (-1 - -1)?
8
Suppose -231 = -7*z + 189. Suppose 0 = -3*n + 3*x + 495, -z = -n + 3*x + 99. Suppose -n = 18*h - 21*h. What is the remainder when 109 is divided by h?
53
Suppose -1764 = -4*i + 4*q, 449 + 864 = 3*i - 5*q. Let n = i - 394. What is the remainder when 206 is divided by n?
50
Let u = 651 - 649. Suppose -48 = -y - 0*i - i, u*i - 139 = -3*y. Let p(k) = 3*k - 1. What is the remainder when y is divided by p(4)?
10
Suppose 277 + 53 = 2*m. Suppose -3*z + 0*z = -m. Suppose -d - 28 = -2*u, 3*u + 0*d = -5*d + z. What is the remainder when 58 is divided by u?
13
Suppose 5*c = 5*x + 25, 14 = -2*x + 4*c - 6*c. Let t(s) = -s**2 + 7*s + 3. What is the remainder when (8/x)/((-1 - -2)/(-6)) is divided by t(7)?
2
Suppose 0 = 9*b - 7444 - 6074. Calculate the remainder when b/4 + 70/(-20) is divided by 8.
4
Suppose 0 = 95710*z - 95681*z - 1827. What is the remainder when 185 is divided by z?
59
Let o = -630 + 652. Suppose 2*b = -3*s + 165, 63 = b - 5*s - 26. Calculate the remainder when b is divided by o.
18
Suppose 0 = 2*t - 5*x + 2 - 22, 4*t - 3*x - 54 = 0. Calculate the remainder when (9 + t)*1/2 is divided by 2.
0
Suppose 8*r = 43 + 61. Let k = 39 - r. Suppose -228 = 2*a - 5*a. Calculate the remainder when a is divided by k.
24
Suppose 10*c + 335 = -585. Let d = c + 117. What is the remainder when d is divided by 3?
1
Let q be 13/4 + 4/(-16). Suppose w + 3*w = q*v - 23, -w + 3*v = 17. What is the remainder when 47 is divided by 22 + (2 - (w + 0))?
21
What is the remainder when 311 is divided by (6 - 24) + 18 - -73?
19
Let q = 327 - 519. Let r = -129 - q. Calculate the remainder when 248 is divided by r.
59
Let f(y) = 12*y - 67. Let s be f(6). Suppose -s*a = 2*b - 110, -4*a + 3*b = -7*a + 57. Calculate the remainder when a is divided by (-4)/(-18) - 460/(-36).
11
Let l be (-8)/(-20) - (-18530)/50. Suppose -l*q = -377*q + 42. Calculate the remainder when q is divided by 1.
0
Calculate the remainder when 190/1*(-3 - -4) is divided by 47.
2
Let s(t) = -t**3 - 9*t**2 - 9*t - 5. Let u be s(-8). Suppose -u*m = -23 - 52. Calculate the remainder when (9/2)/(15/160) is divided by m.
23
Suppose -5*o + 778*h - 776*h = -73, -5*o - 2*h = -57. Calculate the remainder when -2 + (-2)/((-2)/39) is divided by o.
11
Calculate the remainder when (-92736)/(-6762)*14*10/8 is divided by 14.
2
Let c be (-46)/(-10)*(61 - -4). Suppose 1248 + c = 13*v. Calculate the remainder when v is divided by 45.
29
Let r = -78 - -84. Let h(k) = 11*k - 63. Let t be h(r). Suppose -3*d + 27 = 3*o, -5*d + t*o + 11 = -10. What is the remainder when 7 is divided by d?
1
Let x = 2816 - 2805. What is the remainder when 22*(-50)/(-2) + -2 + 1 is divided by x?
10
Suppose 0 = 52*n + 54*n - 96*n - 140. Suppose -4*q - 2*w + 358 = 102, 5*w = 3*q - 218. What is the remainder when q is divided by n?
10
Suppose 2*x - 175 = 181. What i